
Let m(h) = -350*h**3 - h**2 + h. Determine m(-1).
348
Let s(j) = 2*j**3 + j**2 + 9*j - 15. What is s(2)?
23
Let t(b) = 4*b**2 - 98*b + 444. Give t(19).
26
Let d(z) = z**3 + 6*z**2 + 2*z + 32. Calculate d(0).
32
Let y(x) = x**3 + 12*x**2 - 1191*x - 13225. Give y(-11).
-3
Let x(f) = -4*f**3 + 159*f**2 - 119*f + 70. Give x(39).
-8
Let y(f) = f**3 + 8*f**2 - 93*f + 19. Calculate y(6).
-35
Let q(b) = -b**3 - 2*b**2 + 18*b + 52. Calculate q(0).
52
Let m(a) = -2*a**3 + 15*a - 26. Determine m(5).
-201
Let w(m) = -16*m**2 - 94*m - 27. Determine w(-5).
43
Let x(k) = -749*k - 15719. What is x(-21)?
10
Let f(c) = c**2 + 3*c - 90. What is f(-10)?
-20
Let a(z) = z**3 - 3*z**2 - 6*z - 6. Calculate a(0).
-6
Let a(l) = -3*l**2 - 78*l + 2. Give a(-23).
209
Let y(f) = -2*f**3 + 9*f**2 + 51*f + 33. What is y(8)?
-7
Let v(u) = -18*u**2 + 7*u - 37. Calculate v(-4).
-353
Let r(a) = a**3 - 48*a**2 + 245*a + 383. Determine r(42).
89
Let d(l) = 382*l - 44691. Give d(117).
3
Let k(n) = -4*n**2 - 256*n + 1043. Give k(-68).
-45
Let c(t) = 2369*t - 220313. Give c(93).
4
Let u(a) = -a**2 - 15*a + 105. Calculate u(-10).
155
Let v(o) = -3*o + 205. Calculate v(-15).
250
Let i(o) = o**3 - 25*o**2 + 31*o - 63. Give i(24).
105
Let s(z) = 2*z**2 + 20*z + 72. Determine s(-12).
120
Let v(w) = -2*w**3 + 15*w**2 - 101*w + 714. Give v(7).
56
Let f(l) = 8*l**3 - 131*l**2 - 148*l - 2. What is f(-1)?
7
Let r(l) = -10085*l + 110926. Determine r(11).
-9
Let q(n) = n**2 - 42*n - 1013. Calculate q(59).
-10
Let t(a) = 5*a - 20. Calculate t(5).
5
Let m(c) = -8*c**2 - 57*c + 2. What is m(-7)?
9
Let z(f) = 104*f - 1972. Give z(19).
4
Let b(i) = -7*i**2 + 108*i - 21. Determine b(15).
24
Let x(o) = -o**3 + 12*o**2 - 8*o - 21. Calculate x(8).
171
Let x(r) = -62*r + 500. Calculate x(8).
4
Let v(p) = -8*p**2 - 4*p - 19. Calculate v(-5).
-199
Let c(d) = -72*d + 1113. Calculate c(15).
33
Let h(g) = -2*g**3 + 42*g**2 - 36*g + 67. Determine h(20).
147
Let g(j) = -70*j**2 - 492*j - 17. Calculate g(-7).
-3
Let t(a) = 5*a + 10. What is t(7)?
45
Let o(l) = -l**2 - 53*l - 284. Determine o(-47).
-2
Let y(q) = q**3 + 30*q**2 + 16*q - 321. Calculate y(-29).
56
Let y(n) = 17*n**3 + 236*n**2 - 30*n - 26. Give y(-14).
2
Let b(d) = -32*d + 429. Determine b(15).
-51
Let v(n) = n**2 + 107*n - 3620. Determine v(27).
-2
Let r(h) = 21*h**2 + 2330*h - 107. Calculate r(-111).
4
Let y(n) = -2128*n + 16. Calculate y(0).
16
Let p(j) = -11*j - 26. Calculate p(-4).
18
Let o(y) = -y**3 - 9*y**2 + 51*y - 7. Give o(4).
-11
Let f(q) = 2*q**3 + 33*q**2 - 41*q - 88. Determine f(-17).
320
Let z(o) = 71*o + 3348. Give z(-47).
11
Let v(t) = -t**3 + 7*t**2 + 89*t - 208. Determine v(2).
-10
Let b(d) = -d**2 - 19*d - 41. Determine b(-12).
43
Let o(d) = 458*d + 6402. Determine o(-14).
-10
Let k(y) = -y**2 - 14*y + 75. What is k(-16)?
43
Let y(k) = -4*k**2 + 151*k - 11. Determine y(40).
-371
Let m(f) = -1227*f + 2482. Determine m(2).
28
Let m(v) = -v**3 - 56*v**2 - 106*v + 130. What is m(-54)?
22
Let i(t) = t**3 + 7*t**2 - 38*t + 74. Determine i(-11).
8
Let k(b) = -b**3 - 28*b**2 - 30*b - 1705. What is k(-29)?
6
Let a(v) = -93*v + 387. Give a(4).
15
Let d(t) = -53*t - 6987. Determine d(-131).
-44
Let s(m) = m**2 + 41*m + 176. Determine s(-4).
28
Let y(r) = r**2 - 561*r - 7463. Determine y(-13).
-1
Let g(a) = -a**3 + 14*a**2 + 14*a - 356. Calculate g(13).
-5
Let u(k) = -k**2 - 24*k - 81. Give u(-21).
-18
Let y(p) = 3*p**2 - 355*p - 550. Determine y(120).
50
Let m(n) = -n**3 + 11*n**2 + 58*n + 41. Give m(15).
11
Let x(q) = -311*q - 1538. What is x(-5)?
17
Let y(k) = -13842*k + 96900. Calculate y(7).
6
Let w(c) = 3*c**2 + 19*c - 21. Determine w(-7).
-7
Let a(j) = 65*j**3 + 2*j**2 + 6*j - 21. What is a(2)?
519
Let l(f) = -f**3 - 33*f**2 - 89*f + 20. Give l(-30).
-10
Let t(z) = 34*z**3 + 5*z**2 - 6. What is t(2)?
286
Let k(w) = -w**2 - 6*w + 21. Give k(7).
-70
Let y(a) = a**3 + 6*a**2 + 97*a + 255. What is y(-3)?
-9
Let c(i) = -4*i**2 - 25*i - 42. Calculate c(-2).
-8
Let j(r) = -r**3 + 8*r**2 + 128*r + 1. Give j(-8).
1
Let s(t) = t**2 + 13*t + 26. Determine s(-7).
-16
Let p(g) = -334*g + 99. What is p(4)?
-1237
Let m(h) = h**3 - 12*h + 17. Determine m(3).
8
Let v(o) = 1025*o - 119925. Give v(117).
0
Let c(m) = 93*m + 5959. Calculate c(-64).
7
Let x(h) = -7*h**2 + 340*h + 503. What is x(50)?
3
Let d(f) = 5*f - 56. Determine d(-23).
-171
Let q(y) = -y**3 + 10*y**2 - 16*y + 150. Calculate q(9).
87
Let z(l) = l**2 - 128*l + 3250. Give z(93).
-5
Let l(c) = -4*c**2 + 187*c - 305. Give l(45).
10
Let f(c) = -c**3 - 11*c**2 + 78*c + 13. Determine f(-16).
45
Let u(h) = -h**3 + 135*h**2 - 523*h - 24. Calculate u(131).
107
Let l(z) = 4*z**2 + 80*z + 266. Calculate l(-5).
-34
Let y(i) = i**2 + 6*i - 1070. What is y(29)?
-55
Let n(i) = 144*i - 1161. Calculate n(8).
-9
Let a(g) = g**2 + 91*g + 1623. What is a(-25)?
-27
Let g(p) = -p**2 + 59*p - 771. Give g(19).
-11
Let c(m) = -3*m**2 + 128*m + 2371. Give c(-14).
-9
Let y(f) = -f**2 + 18*f + 372. Give y(0).
372
Let v(x) = 25*x + 80. Determine v(-3).
5
Let k(j) = -71*j + 1124. What is k(15)?
59
Let r(s) = 72*s - 1892. Calculate r(26).
-20
Let k(a) = 2*a**3 + 12*a**2 - 12*a. Determine k(-6).
72
Let q(c) = 241*c + 239. Calculate q(-1).
-2
Let q(c) = -147*c + 3992. Calculate q(27).
23
Let z(h) = 43*h + 854. Give z(-19).
37
Let m(v) = v**3 + 34*v**2 - 286*v + 4. What is m(7)?
11
Let b(f) = -344*f + 1729. Determine b(5).
9
Let j(w) = 97*w + 386. What is j(-4)?
-2
Let z(h) = -h**3 + 44*h**2 - h + 2065. Determine z(45).
-5
Let r(w) = -w - 8. Determine r(-25).
17
Let a(d) = -d**3 + 27*d**2 - 89*d + 49. Calculate a(23).
118
Let i(r) = 8531*r - 8445. Give i(1).
86
Let u(d) = d**3 + 2*d**2 - 145*d - 9. What is u(-13)?
17
Let y(x) = -5*x**3 + 399*x**2 + 107*x - 2161. Give y(80).
-1
Let k(i) = -i**3 - 24*i**2 - 155*i + 9. What is k(-12)?
141
Let n(j) = -27*j - 920. Determine n(-32).
-56
Let i(y) = -y**3 + 26*y**2 - 27*y + 18. Determine i(25).
-32
Let p(g) = -11*g**2 + 2587*g - 474. Calculate p(235).
-4
Let p(q) = 27*q - 4. Calculate p(4).
104
Let j(v) = 63*v - 445. Calculate j(9).
122
Let s(n) = 58*n + 153. Determine s(9).
675
Let s(v) = 3*v**2 - 50*v + 70. Give s(15).
-5
Let f(k) = k**2 + 56*k + 72. Determine f(-48).
-312
Let r(p) = p**3 - 15*p**2 + 44*p - 1. Determine r(7).
-85
Let v(y) = 3*y**3 - 113*y**2 + 25*y - 2393. Determine v(38).
1
Let k(b) = 4*b**2 - 29*b - 61. Calculate k(9).
2
Let y(p) = 2*p**3 + 17*p**2 + 288*p + 2220. Calculate y(-8).
-20
Let v(d) = 34*d - 2565. Give v(75).
-15
Let y(j) = 74*j - 8216. Determine y(111).
-2
Let j(m) = -29*m + 360. What is j(28)?
-452
Let d(f) = f**3 + 34*f**2 - 152*f - 7. Calculate d(-38).
-7
Let g(c) = 30*c - 27. Calculate g(0).
-27
Let y(u) = -598*u - 4125. Calculate y(-7).
61
Let l(t) = -3*t**2 - 36*t - 103. What is l(-9)?
-22
Let p(o) = -652*o + 7819. Give p(12).
-5
Let m(k) = -k**3 + 9*k**2 + 20*k - 159. Determine m(9).
21
Let v(c) = -20*c + 233. Calculate v(13).
-27
Let s(a) = 2*a**3 - 47*a**2 - 21*a - 82. Determine s(24).
-10
Let d(y) = y**3 + 46*y**2 + 377*y - 284. Determine d(-35).
-4
Let c(p) = 2*p**3 - 38*p**2 + 41*p - 346. Calculate c(18).
-256
Let c(i) = 6*i**3 + 47*i**2 - 111*i - 825. Calculate c(-8).
-1
Let h(f) = -f**3 + 18*f**2 - 72*f - 78. What is h(7)?
-43
Let d(f) = f**3 - 6*f**2 - 28*f + 8. What is d(9)?
-1
Let x(y) = -2*y**3 - 8*y**2 + 12*y + 35. What is x(-7)?
245
Let b(q) = -945*q - 13225. Calculate b(-14).
5
Let b(i) = 153*i + 13000. Calculate b(-85).
-5
Let b(w) = 6*w**3 - 400*w**2 - 547*w + 221. What is b(68)?
17
Let p(d) = 16*d - 1015. Calculate p(63).
-7
Let l(q) = 2*q**3 + 6*q**2 - 34*q - 15. Give l(-6).
-27
Let p(m) = 3*m**2 + 9*m - 40. What is p(-10)?
170
Let q(y) = 3*y + 6. Determine q(-7).
-15
Let c(p) = -9*p + 926. Determine c(62).
368
Let i(j) = -j**3 - 25*j**2 + 83*j - 14. What is i(-28)?
14
Let f(l) = -461*l - 481. Give f(-1).
-20
Let r(s) = -s**3 - 24*s**2 - 78*s + 47. Determine r(-20).
7
Let v(i) = 8834*i - 114837. Calculate v(13).
5
Let q(t) = t**3 + 119*t**2 + 1380*t + 215. What is q(-106)?
3
Let i(b) = 33*b + 600. What is i(-27)?
-291
Let m(r) = 26*r**2 + 1619*r - 14067. What is m(-70)?
3
Let g(m) = -4*m + 33. Determine g(31).
-91
Let m(x) = -250*x + 6326. Give m(25).
76
Let d(o) = -o**3 - 34*o**2 + 29*o - 211. Determine d(-35).
-1
